{"id":20,"date":"2022-06-21T15:32:15","date_gmt":"2022-06-21T13:32:15","guid":{"rendered":"https:\/\/math-diism.univpm.it\/vmee2022\/?page_id=20"},"modified":"2022-08-31T18:14:19","modified_gmt":"2022-08-31T16:14:19","slug":"book-of-abstracts","status":"publish","type":"page","link":"https:\/\/math-diism.univpm.it\/vmee2022\/book-of-abstracts\/","title":{"rendered":"Book of abstracts"},"content":{"rendered":"\n<p class=\"has-white-background-color has-background\"><strong>Zachary Adams<\/strong><br>&#8220;<strong><em>Quasi-ergodicity and Q-processes of parabolic SPDE<\/em><\/strong>&#8220;<br>We study the dynamics of a parabolic SPDE in a bounded region E of its phase space, under the assumption that the solution hits the boundary of E at some almost surely finite time.&nbsp;In particular, we discuss the existence and uniqueness of&nbsp;<em>quasi-ergodic distributions<\/em>&nbsp;(QED), which characterize the long time behaviour of the SPDE conditioned on remaining in E for all time.&nbsp;Following this, we present applications to the study of stochastic travelling waves in reaction-diffusion systems.&nbsp;Time permitting,&nbsp;we discuss functional inequalities for QED, and their consequences for the solution of an SPDE.<br><\/p>\n\n\n\n<p class=\"has-light-gray-background-color has-background\"><strong>Davide A. Bignamini<\/strong><br><strong><em>&#8220;Schauder estimates for stationary and evolution equations associated with stochastic reaction-diffusion equations driven by colored noise<\/em><\/strong>&#8220;<br>We consider stochastic reaction-diffusion equations with colored noise on the space of real-valued and continuous functions on a compact subset of R^d&nbsp;for d=1,2,3. We prove Schauder-type&nbsp;estimates, which will depend on the color of the noise, for the stationary and evolution equations driven by the weak generator of the corresponding transition semigroup.<\/p>\n\n\n\n<p class=\"has-white-background-color has-background\"><strong>Krzysztof Bogdan<\/strong><br><strong><em>&#8220;The p-forms (1 &lt; p &lt; \u221e)&#8221;<\/em><\/strong><br>I will discuss optimal Hardy inequality for the fractional Laplacian in the setting of L<sup>p<\/sup>(R<sup>d<\/sup>) and the related p-forms, or Bregman-Sobolev forms. I also&nbsp;plan to mention a wider research program involving the p-forms. <br>The following relevant papers can be found on arXiv: <br>Optimal Hardy inequality for the fractional Laplacian on L<sup>p<\/sup>, 2021, K. Bogdan, T. Jakubowski, J. Lenczewska, K. Pietruska-Pa\u0142uba<br>Nonlinear nonlocal Douglas identity, 2020, K. Bogdan, T. Grzywny, K. Pietruska-Pa\u0142uba, A. Rutkowski<br><\/p>\n\n\n\n<p class=\"has-light-gray-background-color has-background\"><strong>Giovanni M. Brigati<\/strong><br><strong><em>\u201cModified Poincar\u00e9 inequalities and hypocoercivity\u201d<\/em><\/strong><br>Evolution equations of diffusion type often show relaxation of the initial data towards a equilibrium. A standard way to establish such results passes trough the entropy method. Indeed, the evolution of an entropy functional along the flow of the equation is compared with the first variation of the entropy itself. A functional inequality is needed at this point. The value of the constant in the aforementioned inequality reflects directly on the convergence rates of the solutions to the equation to equilibrium. The former is a variational problem in its nature. We review such a theory for the Ornstein-Uhlenbeck equation. Finally, we present new results in this spirit for the Vlasov-Ornstein-Uhlenbeck equation.<\/p>\n\n\n\n<p class=\"has-dark-gray-color has-white-background-color has-text-color has-background\"><strong>Daniela Di Donato<\/strong><br><strong><em>&#8220;A new point of view for intrinsically Lipschitz graphs in the sense of Franchi, Serapioni and Serra Cassano in metric spaces&#8221;<\/em><\/strong><br>We introduce the notion of intrinsically Lipschitz graphs in metric spaces. We generalize the concept of intrinsically Lipschitz graphs given by Franchi, Serapioni and Serra Cassano in the context of subRiemannian Carnot groups. We do this by focusing our attention on the graphs property instead of the maps one. More precisely, we prove some relevant results in metric spaces as the Ascoli-Arzel\u00e0 compactness Theorem, Ahlfors-David regularity and the Extension Theorem for the so-called intrinsically Lipschitz sections. This is a joint work with Enrico Le Donne.<\/p>\n\n\n\n<p class=\"has-light-gray-background-color has-background\"><strong>Silvia Frassu<\/strong><br><strong><em>&#8220;Five solutions for the fractional p-Laplacian with noncoercive energy<\/em><\/strong>&#8220;<br>In this talk we deal with a Dirichlet problem driven by the degenerate fractional p-Laplacian and involving a nonlinear reaction which satisfies, among other hypotheses, a (p-1)-linear growth at infinity with non-resonance above the first eigenvalue. The energy functional governing the problem is thus noncoercive. We focus on the behavior of the reaction near the origin, assuming that it has a (p-1)-sublinear growth at zero, vanishes at three points, and satisfies a reverse Ambrosetti-Rabinowitz condition. Under such assumptions, by means of critical point theory and Morse theory, and using suitably truncated reactions, we show the existence of five nontrivial solutions: two positive, two negative, and one nodal. This work is in collaboration with Antonio Iannizzotto. <br>References: <br>S. Frassu, A. Iannizzotto, Five solutions for the fractional p-Laplacian with noncoercive energy, NoDEA Nonlinear Differential Equations Appl. 29, 2022. doi:10.1007\/s00030-022-00777-0 N.S. <br>Papageorgiou, G. Smyrlis, Nonlinear elliptic equations with an asymptotically linear reaction term, Nonlinear Anal. 71, 3129&#8211;3151, 2009. doi:10.1016\/j.na.2009.01.224<\/p>\n\n\n\n<p class=\"has-white-background-color has-background\"><strong>Megan Griffin-Pickering<\/strong><br><em>&#8220;<strong>Mean field games with control on the acceleration: a variational approach<\/strong>&#8220;<\/em><br>The theory of mean field games aims to describe the limits of Nash equilibria for differential games as the number of players tends to infinity. If players control their state by choosing their acceleration, then the mean field games system describing this equilibrium includes a kinetic transport term. Previous results on the well-posedness theory of mean field games of this type assume either that the running and final costs are regularising functionals of the density variable, or the presence of noise &#8211; that is, a second-order system. I will present recently obtained results in which we construct global-in-time weak solutions for a deterministic `kinetic\u2019 mean field game with local (hence non-regularising) couplings, under suitable convexity and monotonicity conditions. Our approach is based on a characterisation of the solutions through two optimisation problems in duality. Furthermore, under stronger monotonicity\/convexity assumptions, we obtain Sobolev regularity estimates on the solutions. This talk is based on joint work with Alp\u00e1r M\u00e9sz\u00e1ros.<\/p>\n\n\n\n<p class=\"has-light-gray-background-color has-background\"><strong>Erica Ipocoana<\/strong><br>&#8220;<em><strong>Higher fractional differentiability for solutions to a class of double-phase obstacle problems<\/strong><\/em>&#8220;<br>We aim to study the higher fractional differentiability properties of the gradient of the solutions to variational obstacle problems with a double-phase functional.<br>Assuming that the gradient of the obstacle belongs to a suitable Besov space, we are able to prove that the gradient of the solution preserves some fractional differentiability property. The main difficulty here is that the functional depends both on the x-variable and the w-variable. In order to overcome this issue, we adapt the strategy presented in [1]. Namely, we pass to a \u201cfreezed\u201d obstacle problem for whom the results proved in [2] hold, so that we have that the solutions to the \u201cfreezed\u201d obstacle problem inherit some Besov regularity of the obstacle. This is a joint project with Antonio Giuseppe Grimaldi.<br>References:<br>[1] M. Eleuteri and A. Passarelli di Napoli, Regularity results for a class of non- differentiable obstacle problems&nbsp;Nonlinear Analysis&nbsp;194, 111434 (2020)<br>[2] A.G. Grimaldi and E. Ipocoana, Higher fractional differentiability for solutions to a class of obstacle problems with non-standard growth conditions, Adv. Calc. Var. (2022) DOI: 10.1515\/acv-2021-0074.<\/p>\n\n\n\n<p class=\"has-white-background-color has-background\"><strong>Laura Kanzler<\/strong><br>&#8220;<strong><em>Kinetic models for non-instantaneous binary collisions<\/em><\/strong>&#8220;<br>In this talk we introduce a new class of kinetic models, which overcome the standard assumption in kinetic transport theory that collision processes happen instantaneously. We investigate a kinetic model with non-instantaneous binary alignment collisions between particles. The collisions are described by a transport process in the joint state space of a pair of particles, where the states of the particles approach their midpoint. For two spatially homogeneous models with deterministic or stochastic collision times existence and uniqueness of solutions, the long time behavior, and the instantaneous limit are considered, where the latter leads to standard kinetic models of Boltzmann type.<\/p>\n\n\n\n<p class=\"has-light-gray-background-color has-background\"><strong>Erik Lindgren<\/strong><br><strong><em>&#8220;Nonlinear nonlocal equations&#8221;<\/em><\/strong><br>In this talk, I will discuss some classes of nonlocal or fractional partial differential equations. In particular, I will describe recent developments for fractional versions of nonlinear equations such as the p-Laplace equation. Focus will be on regularity theory.<\/p>\n\n\n\n<p class=\"has-white-background-color has-background\"><strong>Am\u00e9lie J. Loher<\/strong><br><strong><em>&#8220;Quantitative De Giorgi Methods in Kinetic Theory for Non-Local Operators&nbsp;<\/em><\/strong>&#8220;<br>We derive quantitatively the weak and strong Harnack inequality for kinetic Fokker- Planck type equations with a non-local diffusion operator for the full range of the non-locality exponent $s \\in (0, 1)$.&nbsp;This implies H\u00f6lder continuity. Our method is based on trajectories and exploits a term arising due to the non-locality in the energy estimate. Our results apply to the inhomogeneous Boltzmann equation in the non-cutoff case.<\/p>\n\n\n\n<p class=\"has-light-gray-background-color has-background\"><strong>Mirco Piccinini<\/strong><br><em><strong>&#8220;Nonlocal Harnack inequalities in the Heisenberg group H<sup>n<\/sup>&#8220;<\/strong><\/em><br>In the non-Euclidean setting of the Heisenberg group&nbsp;H<sup>n<\/sup>&nbsp;we present some qualitative properties of the solution&nbsp;u&nbsp;to the Dirichlet problem<br>(1) <em>L<\/em>u=f,&nbsp;in \u03a9\u2282 H<sup>n<\/sup>, u&nbsp;=&nbsp;g,&nbsp;in&nbsp;H<sup>n<\/sup>&nbsp;\\&nbsp;\u03a9,<br>where&nbsp;f&nbsp;\u2261&nbsp;f(\u00b7,u)&nbsp;\u2208&nbsp;L<sup>\u221e<\/sup><sub>loc<\/sub>(H<sup>n<\/sup>)&nbsp;,&nbsp;g&nbsp;\u2208&nbsp;W<sup>s,p<\/sup>(H<sup>n<\/sup>)&nbsp;and&nbsp;<em>L<\/em>&nbsp;is an integro-differential operator of differentiability order&nbsp;s&nbsp;\u2208&nbsp;(0,1)&nbsp;and summability growth&nbsp;p&nbsp;\u2208&nbsp;(1,\u221e),&nbsp;whose prototype is the standard classical fractional sub Laplacian in the Heisenberg group. We show that weak solutions to Problem (1) satisfies some Harnack-type inequalities, extending to the Heisenberg framework the results of [1,2], and in turn generalizing them to the non homogeneous case. Moreover, in the linear case when&nbsp;p&nbsp;= 2, we state a robustness result of these estimates in the limit as the differentiability exponent&nbsp;s&nbsp;goes to&nbsp;1. These results are contained in [3], a joint paper with G. Palatucci.<br>References:<br>[1]&nbsp;A. Di Castro, T. Kuusi, G. Palatucci: Nonlocal Harnack inequalities.&nbsp;<em>J. Funct.<\/em> <em>Anal.&nbsp;<\/em>267&nbsp;(2014), no. 6, 1807\u20131836.<br>[2]&nbsp;M. Kassmann: Harnack inequalities and H\u00f6lder regularity estimates for nonlocal operator revisited.&nbsp;<em>SFB 11015-preprint&nbsp;<\/em>(2011). Available at&nbsp;https:\/\/sfb701.math.uni-bielefeld.de\/ preprints\/sfb11015.pdf<br>[3]&nbsp;G. Palatucci, M. Piccinini: Nonlocal Harnack inequalities in the Heisenberg group.&nbsp;<em>Calc. Var. Partial Differential Equations&nbsp;<\/em>(2022).&nbsp;DOI:10.1007\/s00526-022-02301-9<\/p>\n\n\n\n<p class=\"has-white-background-color has-background\"><strong>Federica Sani<\/strong><br><em><strong>&#8220;Asymptotics for a class of parabolic equations with critical polynomial and exponential nonlinearities<\/strong><\/em><strong><em>&#8220;<\/em><\/strong><br>We consider the Cauchy problem for a heat equation with initial data in H<sup>1<\/sup>(R<sup>N<\/sup>) and inhomogeneous nonlinearity. More precisely, we consider polynomial nonlinearities when N\u22653 and exponential nonlinearities when N=2 which are critical in the energy space H<sup>1<\/sup>(R<sup>N<\/sup>) according to the Sobolev and the Trudinger-Moser inequality respectively. By means of energy methods, we study the asymptotic behavior of solutions with low energies, and we show that the splitting between blow-up and global existence is determined by the sign of a suitable functional. In the 2-space dimensional case, this functional is related to the corresponding Trudinger-Moser inequality. This is a joint work with Michinori Ishiwata, Bernhard Ruf, and Elide Terraneo.<\/p>\n\n\n\n<p class=\"has-light-gray-background-color has-background\"><strong>Yuzhe Zhu<\/strong><br><strong><em>&#8220;Boundary hypoelliptic regularization in kinetic equations&#8221;<\/em><\/strong><br>We will discuss the renormalization and regularization properties of the solutions to kinetic Fokker-Planck equations in bounded domains.<\/p>\n","protected":false},"excerpt":{"rendered":"<p>Zachary Adams&#8220;Quasi-ergodicity and Q-processes of parabolic SPDE&#8220;We study the dynamics of a parabolic SPDE in a bounded region E of its phase space, under the assumption that the solution hits the boundary of E at some almost surely finite time.&nbsp;In particular, we discuss the existence and uniqueness of&nbsp;quasi-ergodic distributions&nbsp;(QED), which characterize the long time behaviour [&hellip;]<\/p>\n","protected":false},"author":27,"featured_media":0,"parent":0,"menu_order":0,"comment_status":"closed","ping_status":"closed","template":"","meta":{"footnotes":""},"class_list":["post-20","page","type-page","status-publish","hentry"],"_links":{"self":[{"href":"https:\/\/math-diism.univpm.it\/vmee2022\/wp-json\/wp\/v2\/pages\/20","targetHints":{"allow":["GET"]}}],"collection":[{"href":"https:\/\/math-diism.univpm.it\/vmee2022\/wp-json\/wp\/v2\/pages"}],"about":[{"href":"https:\/\/math-diism.univpm.it\/vmee2022\/wp-json\/wp\/v2\/types\/page"}],"author":[{"embeddable":true,"href":"https:\/\/math-diism.univpm.it\/vmee2022\/wp-json\/wp\/v2\/users\/27"}],"replies":[{"embeddable":true,"href":"https:\/\/math-diism.univpm.it\/vmee2022\/wp-json\/wp\/v2\/comments?post=20"}],"version-history":[{"count":16,"href":"https:\/\/math-diism.univpm.it\/vmee2022\/wp-json\/wp\/v2\/pages\/20\/revisions"}],"predecessor-version":[{"id":181,"href":"https:\/\/math-diism.univpm.it\/vmee2022\/wp-json\/wp\/v2\/pages\/20\/revisions\/181"}],"wp:attachment":[{"href":"https:\/\/math-diism.univpm.it\/vmee2022\/wp-json\/wp\/v2\/media?parent=20"}],"curies":[{"name":"wp","href":"https:\/\/api.w.org\/{rel}","templated":true}]}}